11
Let b(y) be the second derivative of -y**5/20 - y**4/12 + y**3/2 - 2*y**2 - 6*y. Calculate b(-3).
5
Suppose 0 = -2*i + 5*r - 3 + 1, 0 = 2*i - 3*r + 6. Let p(y) = 14*y**2 - y + 29. Let h(z) = -5*z**2 - 10. Let n(t) = 17*h(t) + 6*p(t). Calculate n(i).
4
Suppose 0 = -6*i + i + 10. Suppose 0 = -3*j - 2*f, -2*j = i*j - f. Let k(r) = -r - 3. What is k(j)?
-3
Suppose -j - c + 3*c = 10, 0 = 3*j - 3*c + 21. Let w(l) = l + 9. Determine w(j).
5
Let k(n) = -3*n - 1. Let m be k(1). Let t = -5 + 9. Let x(j) = 2 + 5*j + 0 + j**2 - t. Calculate x(m).
-6
Let n(h) = h - 9. Let j be 0/(-3*(-2)/(-3)). Suppose 3*i - i = j. Suppose -r = -i*r. Give n(r).
-9
Let l(g) = -g + 4. Let i(n) = 2*n - 9. Let v(z) = 3*i(z) + 7*l(z). Let r = 101 - 104. Calculate v(r).
4
Let p(i) = -4*i**3 + i**2 - 2*i - 5. Let n(b) = -b**3 - b - 1. Let f(k) = -3*n(k) + p(k). Determine f(2).
-4
Let m(j) = 7*j**3 + j + 1. Let r be (2/(5 - 3))/(-1). What is m(r)?
-7
Let l(t) = t**2 - 2*t + 3. Let n(p) = 2*p**2 + p - 10. Let h(a) = a**2 - a - 1. Let w(y) = 4*h(y) - n(y). Let g(b) = -13*l(b) + 6*w(b). Calculate g(-3).
0
Let m(o) = 6*o**3 + 3*o**2 + 3. Let p(t) = t**3 + t**2 - t + 1. Let l(s) = m(s) - 2*p(s). Let g = -2 - -1. Calculate l(g).
-4
Let f(u) = u**3. Let x(b) = -2*b**3 + 2*b**2 + b - 1. Let c(t) = 3*f(t) + x(t). Suppose 3*r - 9 = 3*z, -3*r - 5 = -4*z - 19. Determine c(r).
-3
Let w(f) = f + 3. Let d(o) = 1. Let c(z) = -17*d(z) + 6*w(z). Calculate c(-1).
-5
Let r(v) = v + 1. Let i(f) = -1. Let h(p) = -3*i(p) - 3*r(p). Determine h(5).
-15
Let k(i) = -i**3 - 3*i**2 + 2*i. Let h(s) = -s**2 + 16*s - 32. Let b be h(14). Give k(b).
8
Let k(s) = 3*s**2 - 2*s - 2. Let d(t) = -t**2. Let m(f) = -4*d(f) - k(f). Let g(l) = 2*l + 6. Let j be (0 - -3)/((-6)/8). Let y be g(j). Calculate m(y).
2
Suppose 3*i - i = o, 2*i = 4. Let x(p) = 2*p**2 - 6*p + 1. Calculate x(o).
9
Let l = -8 + 10. Suppose 0*v + l = v - h, 0 = -4*v + 2*h + 10. Let a(n) = 2 + 3*n - 6 - n**2 + 0*n**2. Give a(v).
-4
Suppose 4*q = 3*q. Let l = 0 + q. Let n(w) be the third derivative of w**5/60 - w**4/24 + 5*w**3/3 - 3*w**2. Determine n(l).
10
Let z(w) = -4*w**3 + 2*w**2 - 14*w - 1. Let b(g) = -g**3 - g**2 - g + 1. Let m(q) = 5*b(q) - z(q). What is m(-8)?
-2
Let y(s) = 9*s**2 - 5. Let j(i) = -10*i**2 + 6. Let c(h) = -5*j(h) - 6*y(h). Determine c(1).
-4
Let b be 0 + (0/5 - 0). Let h(y) = y - 5. What is h(b)?
-5
Let h(t) = 5*t + 1. Let i be (2*1/3)/(104/156). Calculate h(i).
6
Let x(q) be the second derivative of -7*q**5/20 + q**4/12 + q. Let g be -4 + (8 - 2 - 5) - -4. Calculate x(g).
-6
Let q(w) = -w**2 + 11 + 11 + w - 24. Determine q(4).
-14
Let y be (-256)/(-56) + (-4)/7. Let o(g) be the second derivative of g**2 - 1/20*g**5 + 0*g**3 + 0 + 1/6*g**y + 2*g. Give o(3).
-7
Let s = 1 + 2. Suppose 3*f - 3*j - 36 = 0, 4*j = j - 12. Suppose 2*g + n - f = -n, -s*g = -2*n + 13. Let x(c) = -2*c**3. Determine x(g).
2
Let d = 19 + -15. Let x(a) = a**3 - 5*a**2 - 2*a + 6. Give x(d).
-18
Suppose -3*c - 3*s - 2 - 7 = 0, 9 = -3*c + s. Let q(f) = -8*f + 1. What is q(c)?
25
Let k(y) = -y**2 - y + 4. Suppose -2*h + 41 = 5*o + 15, -3*h + o = -5. Calculate k(h).
-8
Let g(l) = l**2 - 6*l + 2. Let v(w) = -3*w**2 + 18*w - 5. Let p(i) = 17*g(i) + 6*v(i). Determine p(7).
-3
Let s(q) = -q**3 - 6*q**2 - 5*q + 2. Suppose 6*j = 8 - 38. Calculate s(j).
2
Let x(l) = -25*l**2 + 3*l + 5. Let o(j) = 37*j**2 - 4*j - 7. Let h(s) = -5*o(s) - 7*x(s). Calculate h(-1).
-9
Let k(i) = i**3 + 3*i**2 - 3*i - 2. Let o(w) = -w**2 + 4*w - 1. Let a be o(2). Let j be (-54)/8 + (-2)/8. Let c = j + a. Determine k(c).
-6
Let j(h) = h + 6. Let x(u) = -u - 6. Let d be (-2)/(-2 + 24/15). Let k(y) = d*x(y) + 4*j(y). Give k(-3).
-3
Let l be 7 - (-3)/(-3)*-1. Suppose -4*y = -4 - l. Suppose 5*g + 8 = -y*c, 2*g + 2*c = g - 3. Let q(d) = -3*d**3 + d. Calculate q(g).
2
Let c = 18 + -23. Suppose 0 = -3*k + 2*r - 8, 0*r + 5*r = -4*k + 20. Let j(v) = 1 + v + k*v + 3. Give j(c).
-1
Suppose 3*g + 5*o - 52 + 22 = 0, o = -3*g + 18. Let t be -2*(1 - 5/2). Let d(y) = -y**t - 2*y + g*y - 2*y**2 + 2*y + 4 - y. Give d(-3).
1
Suppose 0 = n - 2. Let q = 0 + n. Let v(m) = -5*m - 1 + 3*m - m**2 + m. Give v(q).
-7
Let i(a) = a**2 + 6*a - 10. Suppose 6 = 13*x + 110. Calculate i(x).
6
Let m(k) = -k**2 + 3*k + 5. Let y(o) = o**2 + 8*o + 11. Suppose 0 = 3*v + 2*h + 25, 4*v + 26 + 8 = -3*h. Let x be y(v). Determine m(x).
1
Let h(m) = -3*m + 3. Let g(c) = -2*c + 3. Let a(x) = -6*g(x) + 5*h(x). Give a(5).
-18
Let h(o) = o**2 + o - 1. Let p(d) = -5*d**2 - 3*d + 3. Let q(a) = 9*h(a) + 2*p(a). Give q(2).
-1
Let i = -1 - -3. Let c(l) = -5*l**2 - l**i + 5*l**2 + 2*l**2 + 2 + 7*l. Determine c(-4).
-10
Suppose 6*q = 2*q. Let c(d) = d**3 + 2*d**2 - 2*d - 2. Let u(f) = 2*f**3 + 3*f**2 - 3*f - 1. Let n(t) = -3*c(t) + 2*u(t). Calculate n(q).
4
Let d(x) = -7*x**2 - 6*x - x - x**3 - 326 + 331. Let o = -12 - -6. Give d(o).
11
Let p(w) = -w**3 + 5*w**2 + 7*w - 9. Let d be p(6). Let i(n) = n**2 - 2*n - 4. Give i(d).
11
Let g(b) = -b + 12. Suppose -4*n - k = -6, 4*n + 0*k + 3*k = 2. Let i(l) = 4 - 3 - n. Let p(j) = 2*g(j) + 22*i(j). What is p(5)?
-8
Suppose 0*p + 16 = 2*p. Suppose -3*o - p = -o. Let w(d) = d**2 + 5*d - 1. Calculate w(o).
-5
Suppose k - 27 = -4*t, 0 = -0*t + 3*t + k - 21. Let d = t - 4. Let b(a) = 3 + 0*a - 4*a + 0 + 2*a**2. Calculate b(d).
3
Let t be ((-8)/12)/1*-6. Let j(s) = -t + 4 + s + s**2. Determine j(0).
0
Suppose 2*s + 5*c - 3 = 4, -4*c + 28 = -4*s. Let a(u) = -4 - 2 - 4*u**2 - u - u - u**3. Let x be a(s). Let p(m) = -3*m - 1. Give p(x).
-7
Let g(i) be the first derivative of i**4/12 + i**3/3 + 5*i + 5. Let y(o) be the first derivative of g(o). Suppose c = -w - 3*w - 3, -3*c + 13 = w. What is y(w)?
0
Let f(x) = -11*x + 3*x + 9*x. Let a be (2/(-6))/(1/(-9)). Calculate f(a).
3
Let u(z) = -z**3 + 13*z**2 - 13*z + 15. Let a = 137 + -125. What is u(a)?
3
Let q(d) = d**3 + 3*d**2 + 4*d + 2. Suppose 2*f - k + 4*k + 10 = 0, 2*k + 4 = 0. Determine q(f).
-2
Let k(i) = -6*i + 1. Let h be k(-9). Suppose 0*b + 5*b - h = -5*z, 8 = -2*b + 4*z. Suppose -b = -4*t + 6. Let u(y) = y + 1. Determine u(t).
4
Let x(l) = 1 - l**2 + 4*l + 0 + 0. Let c be ((-2)/(-4))/(1/16). Suppose 5*v + 4*y = 23, -5*y + 2 = -c. Calculate x(v).
4
Let c(n) = n**3 - 3*n**2 - 6*n + 6. Let m(p) = p**2 - p - 18. Let a be m(0). Let s be (0 - a)*(-3)/(-6). Let t = s - 5. What is c(t)?
-2
Let y(u) be the first derivative of -u**4/4 + u**3/3 + u + 2. Let s(w) = -4*w**3 + 2*w**2 + 3*w + 7. Let j(f) = s(f) - 5*y(f). What is j(3)?
11
Let f(x) = -3*x**2 + 4*x + 2. Let u(p) = -6*p**2 + 9*p + 5. Let n(z) = -14*f(z) + 6*u(z). Let o(g) = g**2 - g. Let q(i) = -n(i) + 5*o(i). What is q(-2)?
0
Suppose 2*t = -t. Suppose 3*y + y - 8 = t. Let i(k) = 2*k - k**3 + k**y - 3*k**3 + 1 + k**2. Give i(-1).
5
Suppose -5*j + 126 = 31. Suppose 3*q = -2*a - 3*a - 16, 5*a = -2*q - j. Let t(f) = f**2 - 2*f - 2. Let z(k) = -k + 1. Let g(d) = -t(d) - z(d). Determine g(q).
1
Suppose 0 = -4*g + 5*s - 16 - 1, 3*g - 4*s + 13 = 0. Let o(h) be the second derivative of 0 - h**2 + 3*h - 1/6*h**3 + 1/12*h**4. Calculate o(g).
10
Let c(p) be the first derivative of -p**5/60 + p**4/4 - p**3/2 - 3*p**2/2 - 2. Let y(h) be the second derivative of c(h). Calculate y(2).
5
Let z(x) = -x**3 + 4*x**2 + 4*x - 1. Let k = 0 + -2. Suppose -j + 5*j + 5*d = 7, -2*j - 2*d + 2 = 0. Let h be (2/j)/(k/10). What is z(h)?
-6
Suppose -s + 5*s = -4. Let j(m) = -5*m**3 + 2*m + 1. Calculate j(s).
4
Let r be (4 - -1)/(1 - 0). Let q(z) be the first derivative of 4*z**3/3 - 3*z**2 - 4*z - 1. Let b(u) = u**2 - 1. Let y(m) = -3*b(m) + q(m). Calculate y(r).
-6
Let c(i) = 2*i. Suppose 3*g + 0 = 6. Let v(p) = -6 + 2 + 3. Let h(w) = g*c(w) - 2*v(w). What is h(-2)?
-6
Let y(r) = r - 1. Let b be ((-6)/2)/3 - -1. Let l = b - 0. Suppose -o - o + 10 = l. Give y(o).
4
Let m(r) be the second derivative of 0*r**2 - 4*r - 1/2*r**3 + 0 - 1/12*r**4. What is m(-4)?
-4
Let l(x) be the first derivative of -x**6/180 - x**5/40 - x**3/3 + 2. Let g(y) be the third derivative of l(y). Calculate g(-3).
-9
Let s(a) = -3*a + 2. Suppose -3*x = 4*w + 1, x = w + 6*x + 13. Calculate s(w).
-4
Let g(p) = -6*p**3 + 14*p**2 - p + 4. Let o(f) = -f**3 + f**2 - 1. Let w(t) = -g(t) + 5*o(t). Determine w(9).
0
Let o(k) = k**2 - 5*k - 1. Suppose 21 - 6 = 3*u + s, 